of 7282422 and 1993.
1993
Calculate the greatest common divisor of 36536874 and 99.
33
Calculate the greatest common factor of 36519 and 6774.
3
Calculate the greatest common factor of 103413534 and 14.
14
Calculate the highest common divisor of 108501 and 10903554.
177
Calculate the greatest common divisor of 67796610 and 330.
30
Calculate the highest common divisor of 9723398 and 5766.
1922
Calculate the greatest common factor of 47681360 and 55760.
3280
Calculate the highest common factor of 1385274 and 792.
66
What is the greatest common factor of 248430 and 108030?
390
What is the greatest common factor of 3148 and 322124?
4
Calculate the highest common divisor of 96 and 17569872.
48
What is the greatest common divisor of 112 and 13599776?
16
Calculate the highest common divisor of 348488 and 2017776.
1016
What is the greatest common divisor of 630 and 2122680?
210
Calculate the highest common divisor of 54 and 5504706.
54
Calculate the highest common factor of 1196 and 49624616.
92
What is the greatest common factor of 3025549 and 3525598?
5051
What is the greatest common factor of 13620 and 4058987?
227
Calculate the greatest common divisor of 130421476 and 2780.
556
What is the highest common divisor of 216 and 974768?
8
What is the greatest common factor of 437 and 468625?
23
Calculate the highest common factor of 313938878 and 22.
22
Calculate the highest common divisor of 1584 and 159904074.
66
Calculate the greatest common divisor of 17256 and 2707512.
24
Calculate the greatest common divisor of 534220 and 68.
4
Calculate the greatest common divisor of 620 and 1083500.
20
Calculate the highest common divisor of 2247 and 99724.
107
What is the greatest common divisor of 600 and 26256900?
300
What is the highest common factor of 67093 and 5466136?
169
What is the greatest common divisor of 647435 and 685?
5
Calculate the greatest common divisor of 4180 and 8612206.
38
Calculate the greatest common divisor of 863478 and 7105.
49
What is the highest common factor of 26 and 5993065?
13
What is the highest common divisor of 173284332 and 10498?
362
Calculate the highest common factor of 192668 and 6076.
196
Calculate the greatest common factor of 2664 and 56176.
8
What is the greatest common factor of 72 and 3303864?
72
What is the greatest common factor of 53656252 and 59?
59
Calculate the highest common factor of 160362 and 5134.
302
Calculate the highest common factor of 227496 and 1536.
24
What is the greatest common factor of 51 and 74477748?
51
Calculate the greatest common factor of 2581957 and 12789.
1421
What is the highest common divisor of 709244 and 5620?
1124
Calculate the greatest common factor of 18251777 and 62.
31
What is the highest common factor of 2184598 and 76869?
949
What is the highest common factor of 2250539340 and 7606?
7606
What is the greatest common factor of 2876029 and 325?
13
What is the highest common factor of 8740 and 17946716?
1748
What is the highest common factor of 29827172 and 164?
164
Calculate the highest common divisor of 72 and 64821912.
24
What is the greatest common factor of 9996 and 421008?
588
What is the greatest common factor of 4927920 and 1680?
240
Calculate the highest common factor of 1414589 and 528.
11
What is the highest common divisor of 454101393 and 3?
3
What is the highest common divisor of 8 and 4748108?
4
What is the highest common divisor of 377240 and 46840?
40
Calculate the greatest common divisor of 234274256 and 608.
304
Calculate the greatest common divisor of 817536 and 1490304.
384
Calculate the highest common factor of 1228487736 and 126.
42
What is the highest common factor of 308 and 1599626?
14
Calculate the highest common divisor of 2998631830 and 10.
10
Calculate the greatest common divisor of 193088 and 13464871.
3017
Calculate the greatest common factor of 57769 and 179621.
41
Calculate the highest common factor of 335 and 1797155.
5
Calculate the greatest common divisor of 5943 and 9219.
21
Calculate the greatest common divisor of 6645438 and 450.
18
What is the highest common divisor of 27992023 and 6759?
751
Calculate the greatest common divisor of 109 and 358499.
1
What is the highest common divisor of 3 and 4802481?
3
What is the greatest common factor of 63859 and 8143703?
3361
Calculate the highest common factor of 4612 and 152649129.
1153
What is the greatest common divisor of 172079865 and 323?
323
Calculate the greatest common divisor of 1115761 and 11883.
17
Calculate the greatest common factor of 60858 and 71631.
189
What is the highest common factor of 16003434 and 342?
114
Calculate the greatest common divisor of 651 and 1087737.
21
Calculate the greatest common divisor of 597192 and 408856.
1192
Calculate the greatest common divisor of 736529016 and 7143.
7143
What is the highest common divisor of 23902 and 34996302?
1258
What is the greatest common factor of 36991178 and 15778?
686
What is the highest common divisor of 673127 and 1001?
91
Calculate the greatest common divisor of 89837540 and 13280.
1660
What is the highest common factor of 1032 and 51931272?
1032
What is the greatest common divisor of 122729640 and 981?
327
What is the greatest common factor of 1107414 and 222768?
2142
Calculate the highest common divisor of 10 and 229340390.
10
What is the greatest common factor of 201 and 4296453?
3
What is the greatest common factor of 39765347 and 247?
19
What is the highest common divisor of 18877781 and 26?
13
Calculate the highest common divisor of 15861675 and 3800.
475
What is the highest common factor of 370 and 2759830?
370
Calculate the highest common divisor of 1115012772 and 1692.
1692
What is the greatest common divisor of 65281 and 364093?
673
What is the greatest common divisor of 77570 and 171280?
10
Calculate the highest common divisor of 8220977 and 395.
79
Calculate the highest common factor of 84130 and 208535.
895
Calculate the greatest common factor of 1419095 and 542505.
3065
What is the greatest common factor of 54 and 149818032?
54
Calculate the greatest common factor of 5130 and 24368526.
1026
Calculate the highest common divisor of 190464 and 3954176.
512
Calculate the greatest common factor of 98820 and 1462780.
1220
What is the highest common factor of 149774089 and 807?
269
What is the greatest common divisor of 60681816 and 93288?
4056
What is the highest common factor of 49195431 and 54?
27
Calculate the highest common divisor of 303822876 and 28.
28
What is the highest common divisor of 2091 and 38581?
41
What is the highest common divisor of 1420 and 4020304?
284
Calculate the greatest common divisor of 8645 and 34378045.
65
Calculate the highest common divisor of 2077240 and 2376.
88
What is the highest common divisor of 39831 and 302957?
1207
Calculate the highest common factor of 9490 and 19281782.
1898
What is the greatest common factor of 22 and 14428678?
22
What is the highest common factor of 593396 and 677108?
436
What is the highest common divisor of 508824 and 968808?
888
Calculate the highest common divisor of 1550 and 9609025.
25
Calculate the greatest common factor of 14854378 and 330.
22
Calculate the highest common factor of 8432442 and 4046.
578
What is the greatest common factor of 150 and 1885038?
6
What is the highest common divisor of 511895698 and 587?
587
Calculate the highest common divisor of 20229 and 13858704.
1839
What is the highest common divisor of 7325 and 3028155?
1465
What is the greatest common factor of 301 and 2064688?
43
What is the greatest common divisor of 1751202 and 820674?
6462
What is the highest common divisor of 4452 and 2333961?
1113
What is the highest common divisor of 19525 and 763037?
781
What is the greatest common divisor of 178345223 and 56?
7
What is the highest common factor of 39668 and 236974?
94
What is the greatest common divisor of 498510 and 36540?
2610
What is the greatest common divisor of 11512 and 381968?
8
Calculate the highest common divisor of 15129 and 2284848.
369
Calculate the highest common divisor of 10142 and 24266.
22
What is the greatest common divisor of 12094481 and 2737?
161
Calculate the greatest common factor of 1334483 and 26979.
391
Calculate the highest common divisor of 29221512 and 2472.
2472
Calculate the greatest c